CRAN Package Check Results for Package rlang

Last updated on 2021-05-13 15:48:10 CEST.

Flavor Version Tinstall Tcheck Ttotal Status Flags
r-devel-linux-x86_64-debian-clang 0.4.11 14.68 129.09 143.77 OK
r-devel-linux-x86_64-debian-gcc 0.4.11 13.21 97.31 110.52 OK
r-devel-linux-x86_64-fedora-clang 0.4.11 197.22 OK
r-devel-linux-x86_64-fedora-gcc 0.4.11 173.61 OK
r-devel-windows-ix86+x86_64 0.4.11 38.00 165.00 203.00 OK
r-devel-windows-x86_64-gcc10-UCRT 0.4.11 WARN
r-patched-linux-x86_64 0.4.11 19.93 124.14 144.07 OK
r-patched-solaris-x86 0.4.11 214.10 OK
r-release-linux-x86_64 0.4.11 17.27 123.22 140.49 OK
r-release-macos-x86_64 0.4.11 OK
r-release-windows-ix86+x86_64 0.4.11 35.00 244.00 279.00 OK
r-oldrel-macos-x86_64 0.4.11 OK
r-oldrel-windows-ix86+x86_64 0.4.11 1.00 27.00 28.00 ERROR

Check Details

Version: 0.4.11
Check: whether package can be installed
Result: WARN
    Found the following significant warnings:
     internal/hash.c:142:16: warning: too many arguments for format [-Wformat-extra-args]
Flavor: r-devel-windows-x86_64-gcc10-UCRT

Version: 0.4.11
Check: package dependencies
Result: NOTE
    Package which this enhances but not available for checking: 'winch'
Flavor: r-oldrel-windows-ix86+x86_64

Version: 0.4.11
Check: whether package can be installed
Result: ERROR
    Installation failed.
Flavor: r-oldrel-windows-ix86+x86_64