Last updated on 2022-07-02 15:52:28 CEST.
Flavor | Version | Tinstall | Tcheck | Ttotal | Status | Flags |
---|---|---|---|---|---|---|
r-devel-linux-x86_64-debian-clang | 1.0.3 | 24.43 | 293.07 | 317.50 | OK | |
r-devel-linux-x86_64-debian-gcc | 1.0.3 | 21.93 | 212.74 | 234.67 | OK | |
r-devel-linux-x86_64-fedora-clang | 1.0.3 | 385.36 | OK | |||
r-devel-linux-x86_64-fedora-gcc | 1.0.3 | 404.42 | OK | |||
r-devel-windows-x86_64 | 1.0.3 | 309.00 | 319.00 | 628.00 | OK | |
r-patched-linux-x86_64 | 1.0.3 | 26.04 | 275.57 | 301.61 | OK | |
r-release-linux-x86_64 | 1.0.3 | 22.16 | 273.79 | 295.95 | OK | |
r-release-macos-arm64 | 1.0.3 | 109.00 | OK | |||
r-release-macos-x86_64 | 1.0.3 | 149.00 | OK | |||
r-release-windows-x86_64 | 1.0.3 | 149.00 | 253.00 | 402.00 | OK | |
r-oldrel-macos-arm64 | 1.0.3 | 103.00 | OK | |||
r-oldrel-macos-x86_64 | 1.0.3 | 142.00 | OK | |||
r-oldrel-windows-ix86+x86_64 | 1.0.3 | 6.00 | 9.00 | 15.00 | ERROR |
Version: 1.0.3
Check: whether package can be installed
Result: ERROR
Installation failed.
Flavor: r-oldrel-windows-ix86+x86_64