CRAN Package Check Results for Package rkafka

Last updated on 2021-06-17 15:49:20 CEST.

Flavor Version Tinstall Tcheck Ttotal Status Flags
r-devel-linux-x86_64-debian-clang 1.1 3.92 47.76 51.68 OK
r-devel-linux-x86_64-debian-gcc 1.1 3.05 37.16 40.21 OK
r-devel-linux-x86_64-fedora-clang 1.1 72.70 OK
r-devel-linux-x86_64-fedora-gcc 1.1 62.68 OK
r-devel-windows-x86_64 1.1 7.00 72.00 79.00 OK
r-devel-windows-x86_64-gcc10-UCRT 1.1 OK
r-patched-linux-x86_64 1.1 4.22 46.37 50.59 OK
r-patched-solaris-x86 1.1 89.80 OK
r-release-linux-x86_64 1.1 3.70 46.27 49.97 OK
r-release-macos-arm64 1.1 ERROR
r-release-macos-x86_64 1.1 OK
r-release-windows-ix86+x86_64 1.1 7.00 59.00 66.00 OK
r-oldrel-macos-x86_64 1.1 OK
r-oldrel-windows-ix86+x86_64 1.1 8.00 53.00 61.00 OK

Check Details

Version: 1.1
Check: whether package can be installed
Result: ERROR
    Installation failed.
Flavor: r-release-macos-arm64