CRAN Package Check Results for Package rivernet

Last updated on 2021-10-23 19:52:20 CEST.

Flavor Version Tinstall Tcheck Ttotal Status Flags
r-devel-linux-x86_64-debian-clang 1.2.1 4.50 29.29 33.79 NOTE
r-devel-linux-x86_64-debian-gcc 1.2.1 3.67 22.70 26.37 NOTE
r-devel-linux-x86_64-fedora-clang 1.2.1 52.62 NOTE
r-devel-linux-x86_64-fedora-gcc 1.2.1 41.49 NOTE
r-devel-windows-x86_64 1.2.1 8.00 33.00 41.00 NOTE
r-devel-windows-x86_64-gcc10-UCRT 1.2.1 NOTE
r-patched-linux-x86_64 1.2.1 5.28 28.90 34.18 NOTE
r-patched-solaris-x86 1.2.1 55.50 NOTE
r-release-linux-x86_64 1.2.1 4.44 28.40 32.84 NOTE
r-release-macos-arm64 1.2.1 NOTE
r-release-macos-x86_64 1.2.1 NOTE
r-release-windows-ix86+x86_64 1.2.1 8.00 32.00 40.00 NOTE
r-oldrel-macos-x86_64 1.2.1 OK
r-oldrel-windows-ix86+x86_64 1.2.1 7.00 30.00 37.00 OK

Check Details

Version: 1.2.1
Check: LazyData
Result: NOTE
     'LazyData' is specified without a 'data' directory
Flavors: r-devel-linux-x86_64-debian-clang, r-devel-linux-x86_64-debian-gcc, r-devel-linux-x86_64-fedora-clang, r-devel-linux-x86_64-fedora-gcc, r-devel-windows-x86_64, r-devel-windows-x86_64-gcc10-UCRT, r-patched-linux-x86_64, r-patched-solaris-x86, r-release-linux-x86_64, r-release-macos-arm64, r-release-macos-x86_64, r-release-windows-ix86+x86_64

Version: 1.2.1
Check: Rd cross-references
Result: NOTE
    Undeclared package ‘utility’ in Rd xrefs
Flavor: r-devel-linux-x86_64-fedora-clang