CRAN Package Check Results for Package riverdist

Last updated on 2021-06-15 23:51:28 CEST.

Flavor Version Tinstall Tcheck Ttotal Status Flags
r-devel-linux-x86_64-debian-clang 0.15.3 14.65 147.00 161.65 OK
r-devel-linux-x86_64-debian-gcc 0.15.3 10.77 107.85 118.62 OK
r-devel-linux-x86_64-fedora-clang 0.15.3 199.82 OK
r-devel-linux-x86_64-fedora-gcc 0.15.3 191.31 OK
r-devel-windows-x86_64 0.15.3 21.00 175.00 196.00 OK
r-devel-windows-x86_64-gcc10-UCRT 0.15.3 OK
r-patched-linux-x86_64 0.15.3 14.81 139.88 154.69 OK
r-patched-solaris-x86 0.15.3 244.30 NOTE
r-release-linux-x86_64 0.15.3 11.52 140.64 152.16 OK
r-release-macos-arm64 0.15.3 OK
r-release-macos-x86_64 0.15.3 OK
r-release-windows-ix86+x86_64 0.15.3 23.00 172.00 195.00 OK
r-oldrel-macos-x86_64 0.15.3 OK
r-oldrel-windows-ix86+x86_64 0.15.3 16.00 166.00 182.00 OK

Check Details

Version: 0.15.3
Check: installed package size
Result: NOTE
     installed size is 5.3Mb
     sub-directories of 1Mb or more:
     data 3.6Mb
Flavor: r-patched-solaris-x86