CRAN Package Check Results for Package riskParityPortfolio

Last updated on 2021-01-20 23:49:51 CET.

Flavor Version Tinstall Tcheck Ttotal Status Flags
r-devel-linux-x86_64-debian-clang 0.2.1 101.71 52.81 154.52 OK
r-devel-linux-x86_64-debian-gcc 0.2.1 65.24 44.44 109.68 OK
r-devel-linux-x86_64-fedora-clang 0.2.1 208.82 NOTE
r-devel-linux-x86_64-fedora-gcc 0.2.1 187.15 OK
r-devel-windows-ix86+x86_64 0.2.1 156.00 88.00 244.00 OK
r-patched-linux-x86_64 0.2.1 82.71 53.55 136.26 OK
r-patched-solaris-x86 0.2.1 161.00 OK
r-release-linux-x86_64 0.2.1 72.38 53.77 126.15 OK
r-release-macos-x86_64 0.2.1 NOTE
r-release-windows-ix86+x86_64 0.2.1 154.00 99.00 253.00 OK
r-oldrel-macos-x86_64 0.2.1 NOTE
r-oldrel-windows-ix86+x86_64 0.2.1 141.00 71.00 212.00 OK

Check Details

Version: 0.2.1
Check: installed package size
Result: NOTE
     installed size is 24.4Mb
     sub-directories of 1Mb or more:
     doc 1.4Mb
     libs 22.8Mb
Flavors: r-devel-linux-x86_64-fedora-clang, r-release-macos-x86_64, r-oldrel-macos-x86_64