CRAN Package Check Results for Package riskCommunicator

Last updated on 2023-03-21 07:54:21 CET.

Flavor Version Tinstall Tcheck Ttotal Status Flags
r-devel-linux-x86_64-debian-clang 1.0.1 OK
r-devel-linux-x86_64-debian-gcc 1.0.1 5.94 669.31 675.25 OK
r-devel-linux-x86_64-fedora-clang 1.0.1 1097.38 OK
r-devel-linux-x86_64-fedora-gcc 1.0.1 1073.32 OK
r-patched-linux-x86_64 1.0.1 7.86 855.15 863.01 OK
r-release-linux-x86_64 1.0.1 6.98 868.99 875.97 OK
r-release-macos-arm64 1.0.1 227.00 OK
r-release-macos-x86_64 1.0.1 411.00 OK
r-release-windows-x86_64 1.0.1 40.00 982.00 1022.00 FAIL
r-oldrel-macos-arm64 1.0.1 233.00 OK
r-oldrel-macos-x86_64 1.0.1 397.00 OK
r-oldrel-windows-ix86+x86_64 1.0.1 19.00 1023.00 1042.00 OK

Check Details

Version: 1.0.1
Check: re-building of vignette outputs
Result: FAIL
    Check process probably crashed or hung up for 20 minutes ... killed
    Most likely this happened in the example checks (?),
    if not, ignore the following last lines of example output:
    
    Coefficients:
    (Intercept) DIABETES1 AGE SEX1 BMI CURSMOKE1
     -6.25839 1.51501 0.10246 -0.79405 0.02512 0.58550
     PREVHYP1
     0.77804
    
    Degrees of Freedom: 4220 Total (i.e. Null); 4214 Residual
     (19 observations deleted due to missingness)
    Null Deviance: 5735
    Residual Deviance: 4697 AIC: 4711
    >
    >
    >
    >
    > ### * <FOOTER>
    > ###
    > cleanEx()
    > options(digits = 7L)
    > base::cat("Time elapsed: ", proc.time() - base::get("ptime", pos = 'CheckExEnv'),"\n")
    Time elapsed: 31.95 1.71 45.61 NA NA
    > grDevices::dev.off()
    null device
     1
    > ###
    > ### Local variables: ***
    > ### mode: outline-minor ***
    > ### outline-regexp: "\\(> \\)?### [*]+" ***
    > ### End: ***
    > quit('no')
    ======== End of example output (where/before crash/hang up occured ?) ========
Flavor: r-release-windows-x86_64