CRAN Package Check Results for Package rintimg

Last updated on 2021-06-17 15:49:20 CEST.

Flavor Version Tinstall Tcheck Ttotal Status Flags
r-devel-linux-x86_64-debian-clang 0.1.0 1.65 19.81 21.46 NOTE
r-devel-linux-x86_64-debian-gcc 0.1.0 1.40 15.88 17.28 NOTE
r-devel-linux-x86_64-fedora-clang 0.1.0 35.05 NOTE
r-devel-linux-x86_64-fedora-gcc 0.1.0 24.90 NOTE
r-devel-windows-x86_64 0.1.0 4.00 39.00 43.00 NOTE
r-devel-windows-x86_64-gcc10-UCRT 0.1.0 NOTE
r-patched-linux-x86_64 0.1.0 1.63 19.59 21.22 NOTE
r-patched-solaris-x86 0.1.0 41.10 NOTE
r-release-linux-x86_64 0.1.0 1.83 19.53 21.36 NOTE
r-release-macos-arm64 0.1.0 NOTE
r-release-macos-x86_64 0.1.0 NOTE
r-release-windows-ix86+x86_64 0.1.0 4.00 35.00 39.00 NOTE
r-oldrel-macos-x86_64 0.1.0 OK
r-oldrel-windows-ix86+x86_64 0.1.0 4.00 34.00 38.00 OK

Check Details

Version: 0.1.0
Check: LazyData
Result: NOTE
     'LazyData' is specified without a 'data' directory
Flavors: r-devel-linux-x86_64-debian-clang, r-devel-linux-x86_64-debian-gcc, r-devel-linux-x86_64-fedora-clang, r-devel-linux-x86_64-fedora-gcc, r-devel-windows-x86_64, r-devel-windows-x86_64-gcc10-UCRT, r-patched-linux-x86_64, r-patched-solaris-x86, r-release-linux-x86_64, r-release-macos-arm64, r-release-macos-x86_64, r-release-windows-ix86+x86_64