CRAN Package Check Results for Package rigr

Last updated on 2022-05-20 11:51:12 CEST.

Flavor Version Tinstall Tcheck Ttotal Status Flags
r-devel-linux-x86_64-debian-clang 1.0.1 10.44 101.02 111.46 OK
r-devel-linux-x86_64-debian-gcc 1.0.1 7.99 76.33 84.32 OK
r-devel-linux-x86_64-fedora-clang 1.0.1 139.29 NOTE
r-devel-linux-x86_64-fedora-gcc 1.0.1 128.99 NOTE
r-devel-windows-x86_64 1.0.1 23.00 124.00 147.00 OK
r-patched-linux-x86_64 1.0.1 11.28 97.72 109.00 OK
r-release-linux-x86_64 1.0.1 10.31 99.13 109.44 OK
r-release-macos-arm64 1.0.1 36.00 NOTE
r-release-macos-x86_64 1.0.1 53.00 NOTE
r-release-windows-x86_64 1.0.1 30.00 126.00 156.00 OK
r-oldrel-macos-arm64 1.0.1 29.00 NOTE
r-oldrel-macos-x86_64 1.0.1 47.00 NOTE
r-oldrel-windows-ix86+x86_64 1.0.1 18.00 119.00 137.00 OK

Check Details

Version: 1.0.1
Check: dependencies in R code
Result: NOTE
    Namespaces in Imports field not imported from:
     ‘Exact’ ‘plyr’ ‘tibble’
     All declared Imports should be used.
Flavors: r-devel-linux-x86_64-fedora-clang, r-devel-linux-x86_64-fedora-gcc, r-release-macos-arm64, r-release-macos-x86_64, r-oldrel-macos-arm64, r-oldrel-macos-x86_64