CRAN Package Check Results for Package ricu

Last updated on 2024-06-19 12:27:24 CEST.

Flavor Version Tinstall Tcheck Ttotal Status Flags
r-devel-linux-x86_64-debian-clang 0.5.6 17.01 196.99 214.00 NOTE
r-devel-linux-x86_64-debian-gcc 0.5.6 13.64 142.20 155.84 NOTE
r-devel-linux-x86_64-fedora-clang 0.5.6 275.61 NOTE
r-devel-linux-x86_64-fedora-gcc 0.5.6 267.26 NOTE
r-devel-windows-x86_64 0.5.6 18.00 187.00 205.00 NOTE
r-patched-linux-x86_64 0.5.6 22.72 188.14 210.86 NOTE
r-release-linux-x86_64 0.5.6 10.14 189.75 199.89 NOTE
r-release-macos-arm64 0.5.6 74.00 NOTE
r-release-macos-x86_64 0.5.6 118.00 NOTE
r-release-windows-x86_64 0.5.6 17.00 181.00 198.00 NOTE
r-oldrel-macos-arm64 0.5.6 85.00 NOTE
r-oldrel-macos-x86_64 0.5.6 175.00 NOTE
r-oldrel-windows-x86_64 0.5.6 22.00 198.00 220.00 NOTE

Check Details

Version: 0.5.6
Check: package dependencies
Result: NOTE Packages suggested but not available for checking: 'mimic.demo', 'eicu.demo' Flavors: r-devel-linux-x86_64-debian-clang, r-devel-linux-x86_64-debian-gcc, r-devel-linux-x86_64-fedora-clang, r-devel-linux-x86_64-fedora-gcc, r-devel-windows-x86_64, r-patched-linux-x86_64, r-release-linux-x86_64, r-release-macos-arm64, r-release-macos-x86_64, r-release-windows-x86_64, r-oldrel-macos-arm64, r-oldrel-macos-x86_64, r-oldrel-windows-x86_64