CRAN Package Check Results for Package rhmmer

Last updated on 2021-03-09 07:49:50 CET.

Flavor Version Tinstall Tcheck Ttotal Status Flags
r-devel-linux-x86_64-debian-clang 0.1.0 2.01 27.65 29.66 OK
r-devel-linux-x86_64-debian-gcc 0.1.0 1.61 21.06 22.67 OK
r-devel-linux-x86_64-fedora-clang 0.1.0 45.61 NOTE
r-devel-linux-x86_64-fedora-gcc 0.1.0 36.84 NOTE
r-devel-windows-ix86+x86_64 0.1.0 6.00 49.00 55.00 OK
r-devel-windows-x86_64-gcc10-UCRT 0.1.0 NOTE
r-patched-linux-x86_64 0.1.0 2.07 26.39 28.46 OK
r-patched-solaris-x86 0.1.0 52.00 NOTE
r-release-linux-x86_64 0.1.0 1.93 26.09 28.02 OK
r-release-macos-x86_64 0.1.0 NOTE
r-release-windows-ix86+x86_64 0.1.0 4.00 44.00 48.00 OK
r-oldrel-macos-x86_64 0.1.0 NOTE
r-oldrel-windows-ix86+x86_64 0.1.0 3.00 29.00 32.00 OK

Check Details

Version: 0.1.0
Check: dependencies in R code
Result: NOTE
    Namespace in Imports field not imported from: ‘dplyr’
     All declared Imports should be used.
Flavors: r-devel-linux-x86_64-fedora-clang, r-devel-linux-x86_64-fedora-gcc, r-devel-windows-x86_64-gcc10-UCRT, r-patched-solaris-x86, r-release-macos-x86_64, r-oldrel-macos-x86_64