CRAN Package Check Results for Package rgoogleslides

Last updated on 2022-12-02 23:50:38 CET.

Flavor Version Tinstall Tcheck Ttotal Status Flags
r-devel-linux-x86_64-debian-clang 0.3.2 4.72 29.79 34.51 NOTE
r-devel-linux-x86_64-debian-gcc 0.3.2 4.55 23.22 27.77 NOTE
r-devel-linux-x86_64-fedora-clang 0.3.2 54.87 NOTE
r-devel-linux-x86_64-fedora-gcc 0.3.2 53.06 NOTE
r-devel-windows-x86_64 0.3.2 84.00 65.00 149.00 NOTE
r-patched-linux-x86_64 0.3.2 9.05 27.76 36.81 NOTE
r-release-linux-x86_64 0.3.2 6.02 27.86 33.88 NOTE
r-release-macos-arm64 0.3.2 17.00 NOTE
r-release-macos-x86_64 0.3.2 25.00 NOTE
r-release-windows-x86_64 0.3.2 35.00 65.00 100.00 NOTE
r-oldrel-macos-arm64 0.3.2 21.00 NOTE
r-oldrel-macos-x86_64 0.3.2 30.00 NOTE
r-oldrel-windows-ix86+x86_64 0.3.2 10.00 52.00 62.00 NOTE

Check Details

Version: 0.3.2
Check: LazyData
Result: NOTE
     'LazyData' is specified without a 'data' directory
Flavors: r-devel-linux-x86_64-debian-clang, r-devel-linux-x86_64-debian-gcc, r-devel-linux-x86_64-fedora-clang, r-devel-linux-x86_64-fedora-gcc, r-devel-windows-x86_64, r-patched-linux-x86_64, r-release-linux-x86_64, r-release-macos-arm64, r-release-macos-x86_64, r-release-windows-x86_64, r-oldrel-macos-arm64, r-oldrel-macos-x86_64, r-oldrel-windows-ix86+x86_64