CRAN Package Check Results for Package rgl

Last updated on 2021-05-17 23:47:14 CEST.

Flavor Version Tinstall Tcheck Ttotal Status Flags
r-devel-linux-x86_64-debian-clang 0.106.8 103.28 200.32 303.60 NOTE
r-devel-linux-x86_64-debian-gcc 0.106.8 63.57 148.00 211.57 NOTE
r-devel-linux-x86_64-fedora-clang 0.106.8 423.29 NOTE
r-devel-linux-x86_64-fedora-gcc 0.106.8 358.07 NOTE
r-devel-windows-ix86+x86_64 0.106.8 364.00 240.00 604.00 NOTE
r-devel-windows-x86_64-gcc10-UCRT 0.106.8 WARN
r-patched-linux-x86_64 0.106.8 87.78 193.87 281.65 NOTE
r-patched-solaris-x86 0.106.8 546.60 NOTE
r-release-linux-x86_64 0.106.8 81.56 187.26 268.82 NOTE
r-release-macos-x86_64 0.106.8 WARN
r-release-windows-ix86+x86_64 0.106.8 251.00 234.00 485.00 NOTE
r-oldrel-macos-x86_64 0.106.8 WARN
r-oldrel-windows-ix86+x86_64 0.106.8 251.00 308.00 559.00 NOTE

Check Details

Version: 0.106.8
Check: package dependencies
Result: NOTE
    Package suggested but not available for checking: 'webshot2'
Flavors: r-devel-linux-x86_64-debian-clang, r-devel-linux-x86_64-debian-gcc, r-devel-linux-x86_64-fedora-clang, r-devel-linux-x86_64-fedora-gcc, r-devel-windows-ix86+x86_64, r-devel-windows-x86_64-gcc10-UCRT, r-patched-linux-x86_64, r-patched-solaris-x86, r-release-linux-x86_64, r-release-macos-x86_64, r-release-windows-ix86+x86_64, r-oldrel-macos-x86_64, r-oldrel-windows-ix86+x86_64

Version: 0.106.8
Check: installed package size
Result: NOTE
     installed size is 11.8Mb
     sub-directories of 1Mb or more:
     doc 3.6Mb
     fonts 1.5Mb
     libs 2.5Mb
     useNULL 1.8Mb
Flavors: r-devel-linux-x86_64-fedora-clang, r-devel-windows-ix86+x86_64, r-patched-solaris-x86, r-release-macos-x86_64, r-release-windows-ix86+x86_64, r-oldrel-macos-x86_64, r-oldrel-windows-ix86+x86_64

Version: 0.106.8
Check: whether package can be installed
Result: WARN
    Found the following significant warnings:
     WARNING: failed to apply patch patches/CRAN/rgl.diff
Flavor: r-devel-windows-x86_64-gcc10-UCRT

Version: 0.106.8
Check: re-building of vignette outputs
Result: WARN
    Error(s) in re-building vignettes:
     ...
    sh: line 1: 92004 Abort trap: 6 '/Library/Frameworks/R.framework/Resources/bin/R' --vanilla --no-echo > '/Volumes/Temp/tmp/RtmpimsrxH/file166c642c8131e' 2>&1 < '/Volumes/Temp/tmp/RtmpimsrxH/file166c65d5f38d2'
    --- re-building ‘WebGL.Rmd’ using rmarkdown
    Warning in engine$weave(file, quiet = quiet, encoding = enc) :
     Pandoc (>= 1.12.3) not available. Falling back to R Markdown v1.
    --- re-building ‘pkgdown.Rmd’ using rmarkdown
    Warning in engine$weave(file, quiet = quiet, encoding = enc) :
     Pandoc (>= 1.12.3) not available. Falling back to R Markdown v1.
    --- finished re-building ‘pkgdown.Rmd’
    
    sh: line 1: 92160 Abort trap: 6 '/Library/Frameworks/R.framework/Resources/bin/R' --vanilla --no-echo > '/Volumes/Temp/tmp/RtmpimsrxH/file166c655e9d324' 2>&1 < '/Volumes/Temp/tmp/RtmpimsrxH/file166c66a250c8c'
    --- re-building ‘rgl.Rmd’ using rmarkdown
    Warning in engine$weave(file, quiet = quiet, encoding = enc) :
     Pandoc (>= 1.12.3) not available. Falling back to R Markdown v1.
    --- re-building ‘transparency.Rmd’ using rmarkdown
    Warning in engine$weave(file, quiet = quiet, encoding = enc) :
     Pandoc (>= 1.12.3) not available. Falling back to R Markdown v1.
    --- finished re-building ‘transparency.Rmd’
    
    SUMMARY: processing the following files failed:
     ‘WebGL.Rmd’ ‘rgl.Rmd’
    
    Error: Vignette re-building failed.
    Execution halted
Flavor: r-release-macos-x86_64

Version: 0.106.8
Check: whether package can be installed
Result: WARN
    Found the following significant warnings:
     Warning: 'rgl.init' failed, running with 'rgl.useNULL = TRUE'.
Flavor: r-oldrel-macos-x86_64

Version: 0.106.8
Check: whether the namespace can be loaded with stated dependencies
Result: NOTE
    Warning: 'rgl.init' failed, running with 'rgl.useNULL = TRUE'.
    
    A namespace must be able to be loaded with just the base namespace
    loaded: otherwise if the namespace gets loaded by a saved object, the
    session will be unable to start.
    
    Probably some imports need to be declared in the NAMESPACE file.
Flavor: r-oldrel-macos-x86_64

Version: 0.106.8
Check: dependencies in R code
Result: NOTE
    No protocol specified
    No protocol specified
Flavor: r-oldrel-macos-x86_64