CRAN Package Check Results for Package rgeos

Last updated on 2021-10-21 23:50:24 CEST.

Flavor Version Tinstall Tcheck Ttotal Status Flags
r-devel-linux-x86_64-debian-clang 0.5-8 16.42 66.11 82.53 OK
r-devel-linux-x86_64-debian-gcc 0.5-8 12.54 51.28 63.82 OK
r-devel-linux-x86_64-fedora-clang 0.5-8 113.09 OK
r-devel-linux-x86_64-fedora-gcc 0.5-8 98.90 OK
r-devel-windows-x86_64 0.5-8 57.00 97.00 154.00 OK
r-devel-windows-x86_64-gcc10-UCRT 0.5-8 OK
r-patched-linux-x86_64 0.5-8 16.85 64.24 81.09 OK
r-patched-solaris-x86 0.5-8 127.00 OK
r-release-linux-x86_64 0.5-8 15.45 63.54 78.99 OK
r-release-macos-arm64 0.5-8 NOTE
r-release-macos-x86_64 0.5-8 NOTE
r-release-windows-ix86+x86_64 0.5-8 47.00 153.00 200.00 NOTE
r-oldrel-macos-x86_64 0.5-8 NOTE
r-oldrel-windows-ix86+x86_64 0.5-8 61.00 208.00 269.00 NOTE

Check Details

Version: 0.5-8
Check: installed package size
Result: NOTE
     installed size is 37.1Mb
     sub-directories of 1Mb or more:
     libs 36.1Mb
Flavors: r-release-macos-arm64, r-release-macos-x86_64, r-release-windows-ix86+x86_64, r-oldrel-macos-x86_64, r-oldrel-windows-ix86+x86_64