CRAN Package Check Results for Package rgdal

Last updated on 2022-01-26 19:50:44 CET.

Flavor Version Tinstall Tcheck Ttotal Status Flags
r-devel-linux-x86_64-debian-clang 1.5-28 35.62 137.34 172.96 OK
r-devel-linux-x86_64-debian-gcc 1.5-28 24.80 108.32 133.12 OK
r-devel-linux-x86_64-fedora-clang 1.5-28 234.55 NOTE
r-devel-linux-x86_64-fedora-gcc 1.5-28 216.79 OK
r-devel-windows-x86_64-new-UL 1.5-28 170.00 662.00 832.00 NOTE
r-devel-windows-x86_64-new-TK 1.5-28 OK
r-patched-linux-x86_64 1.5-28 29.26 133.37 162.63 OK
r-release-linux-x86_64 1.5-28 29.82 133.57 163.39 OK
r-release-macos-arm64 1.5-28 NOTE
r-release-macos-x86_64 1.5-28 NOTE
r-release-windows-ix86+x86_64 1.5-28 140.00 618.00 758.00 NOTE
r-oldrel-macos-x86_64 1.5-28 NOTE
r-oldrel-windows-ix86+x86_64 1.5-28 158.00 616.00 774.00 NOTE

Check Details

Version: 1.5-28
Check: installed package size
Result: NOTE
     installed size is 8.3Mb
     sub-directories of 1Mb or more:
     doc 3.7Mb
     pictures 1.3Mb
Flavors: r-devel-linux-x86_64-fedora-clang, r-devel-windows-x86_64-new-UL, r-release-macos-arm64, r-release-macos-x86_64, r-release-windows-ix86+x86_64, r-oldrel-macos-x86_64, r-oldrel-windows-ix86+x86_64