CRAN Package Check Results for Package rgdal

Last updated on 2022-07-02 15:52:28 CEST.

Flavor Version Tinstall Tcheck Ttotal Status Flags
r-devel-linux-x86_64-debian-clang 1.5-32 40.17 129.81 169.98 OK
r-devel-linux-x86_64-debian-gcc 1.5-32 27.09 102.81 129.90 OK
r-devel-linux-x86_64-fedora-clang 1.5-32 216.33 NOTE
r-devel-linux-x86_64-fedora-gcc 1.5-32 213.28 OK
r-devel-windows-x86_64 1.5-32 138.00 689.00 827.00 NOTE
r-patched-linux-x86_64 1.5-32 34.39 126.34 160.73 OK
r-release-linux-x86_64 1.5-32 29.07 127.40 156.47 OK
r-release-macos-arm64 1.5-32 108.00 NOTE
r-release-macos-x86_64 1.5-32 36.00 ERROR
r-release-windows-x86_64 1.5-32 168.00 711.00 879.00 NOTE
r-oldrel-macos-arm64 1.5-32 111.00 NOTE
r-oldrel-macos-x86_64 1.5-32 34.00 ERROR
r-oldrel-windows-ix86+x86_64 1.5-32 190.00 599.00 789.00 NOTE

Check Details

Version: 1.5-32
Check: installed package size
Result: NOTE
     installed size is 8.2Mb
     sub-directories of 1Mb or more:
     doc 3.7Mb
     pictures 1.3Mb
Flavors: r-devel-linux-x86_64-fedora-clang, r-devel-windows-x86_64, r-release-macos-arm64, r-release-windows-x86_64, r-oldrel-macos-arm64, r-oldrel-windows-ix86+x86_64

Version: 1.5-32
Check: whether package can be installed
Result: ERROR
    Installation failed.
Flavors: r-release-macos-x86_64, r-oldrel-macos-x86_64