CRAN Package Check Results for Package rfishnet2

Last updated on 2022-01-27 04:05:34 CET.

Flavor Version Tinstall Tcheck Ttotal Status Flags
r-devel-linux-x86_64-debian-clang 0.2.0 5.20 58.88 64.08 OK
r-devel-linux-x86_64-debian-gcc 0.2.0 3.51 44.17 47.68 OK
r-devel-linux-x86_64-fedora-clang 0.2.0 76.48 NOTE
r-devel-linux-x86_64-fedora-gcc 0.2.0 63.99 NOTE
r-devel-windows-x86_64-new-UL 0.2.0 33.00 79.00 112.00 OK
r-devel-windows-x86_64-new-TK 0.2.0 NOTE
r-patched-linux-x86_64 0.2.0 3.96 52.75 56.71 OK
r-release-linux-x86_64 0.2.0 4.52 52.17 56.69 OK
r-release-macos-arm64 0.2.0 NOTE
r-release-macos-x86_64 0.2.0 NOTE
r-release-windows-ix86+x86_64 0.2.0 13.00 68.00 81.00 OK
r-oldrel-macos-x86_64 0.2.0 NOTE
r-oldrel-windows-ix86+x86_64 0.2.0 13.00 68.00 81.00 OK

Check Details

Version: 0.2.0
Check: dependencies in R code
Result: NOTE
    Namespace in Imports field not imported from: ‘sf’
     All declared Imports should be used.
Flavors: r-devel-linux-x86_64-fedora-clang, r-devel-linux-x86_64-fedora-gcc, r-devel-windows-x86_64-new-TK, r-release-macos-arm64, r-release-macos-x86_64, r-oldrel-macos-x86_64