CRAN Package Check Results for Package rfishbase

Last updated on 2021-02-28 19:48:10 CET.

Flavor Version Tinstall Tcheck Ttotal Status Flags
r-devel-linux-x86_64-debian-clang 3.1.6 OK
r-devel-linux-x86_64-debian-gcc 3.1.6 8.47 56.47 64.94 OK
r-devel-linux-x86_64-fedora-clang 3.1.6 112.41 NOTE
r-devel-linux-x86_64-fedora-gcc 3.1.6 99.08 NOTE
r-devel-windows-ix86+x86_64 3.1.6 19.00 77.00 96.00 OK
r-patched-linux-x86_64 3.1.6 9.75 71.91 81.66 OK
r-patched-solaris-x86 3.1.6 147.50 NOTE
r-release-linux-x86_64 3.1.6 10.81 69.70 80.51 OK
r-release-macos-x86_64 3.1.6 NOTE
r-release-windows-ix86+x86_64 3.1.6 24.00 111.00 135.00 OK
r-oldrel-macos-x86_64 3.1.6 ERROR
r-oldrel-windows-ix86+x86_64 3.1.4 16.00 73.00 89.00 OK

Check Details

Version: 3.1.6
Check: data for non-ASCII characters
Result: NOTE
     Note: found 44 marked UTF-8 strings
Flavors: r-devel-linux-x86_64-fedora-clang, r-devel-linux-x86_64-fedora-gcc, r-patched-solaris-x86, r-release-macos-x86_64

Version: 3.1.6
Check: whether package can be installed
Result: ERROR
    Installation failed.
Flavor: r-oldrel-macos-x86_64