CRAN Package Check Results for Package rfUtilities

Last updated on 2022-05-26 03:53:19 CEST.

Flavor Version Tinstall Tcheck Ttotal Status Flags
r-devel-linux-x86_64-debian-clang 2.1-5 6.05 57.32 63.37 NOTE
r-devel-linux-x86_64-debian-gcc 2.1-5 4.53 43.63 48.16 NOTE
r-devel-linux-x86_64-fedora-clang 2.1-5 79.31 NOTE
r-devel-linux-x86_64-fedora-gcc 2.1-5 63.45 NOTE
r-devel-windows-x86_64 2.1-5 46.00 75.00 121.00 NOTE
r-patched-linux-x86_64 2.1-5 6.92 55.70 62.62 NOTE
r-release-linux-x86_64 2.1-5 NOTE
r-release-macos-arm64 2.1-5 23.00 NOTE
r-release-macos-x86_64 2.1-5 33.00 NOTE
r-release-windows-x86_64 2.1-5 65.00 74.00 139.00 NOTE
r-oldrel-macos-arm64 2.1-5 25.00 NOTE
r-oldrel-macos-x86_64 2.1-5 49.00 NOTE
r-oldrel-windows-ix86+x86_64 2.1-5 10.00 69.00 79.00 NOTE

Check Details

Version: 2.1-5
Check: LazyData
Result: NOTE
     'LazyData' is specified without a 'data' directory
Flavors: r-devel-linux-x86_64-debian-clang, r-devel-linux-x86_64-debian-gcc, r-devel-linux-x86_64-fedora-clang, r-devel-linux-x86_64-fedora-gcc, r-devel-windows-x86_64, r-patched-linux-x86_64, r-release-linux-x86_64, r-release-macos-arm64, r-release-macos-x86_64, r-release-windows-x86_64, r-oldrel-macos-arm64, r-oldrel-macos-x86_64, r-oldrel-windows-ix86+x86_64