CRAN Package Check Results for Package retistruct

Last updated on 2021-06-24 07:50:24 CEST.

Flavor Version Tinstall Tcheck Ttotal Status Flags
r-devel-linux-x86_64-debian-clang 0.6.3 26.68 139.00 165.68 OK
r-devel-linux-x86_64-debian-gcc 0.6.3 24.25 100.74 124.99 OK
r-devel-linux-x86_64-fedora-clang 0.6.3 213.63 NOTE
r-devel-linux-x86_64-fedora-gcc 0.6.3 204.43 NOTE
r-devel-windows-x86_64 0.6.3 46.00 149.00 195.00 OK
r-devel-windows-x86_64-gcc10-UCRT 0.6.3 NOTE
r-patched-linux-x86_64 0.6.3 30.13 134.86 164.99 OK
r-patched-solaris-x86 0.6.3 289.40 NOTE
r-release-linux-x86_64 0.6.3 24.59 135.32 159.91 OK
r-release-macos-arm64 0.6.3 NOTE
r-release-macos-x86_64 0.6.3 NOTE
r-release-windows-ix86+x86_64 0.6.3 45.00 191.00 236.00 OK
r-oldrel-macos-x86_64 0.6.3 NOTE

Check Details

Version: 0.6.3
Check: dependencies in R code
Result: NOTE
    Namespace in Imports field not imported from: ‘RTriangle’
     All declared Imports should be used.
Flavors: r-devel-linux-x86_64-fedora-clang, r-devel-linux-x86_64-fedora-gcc, r-devel-windows-x86_64-gcc10-UCRT, r-patched-solaris-x86, r-release-macos-arm64, r-release-macos-x86_64, r-oldrel-macos-x86_64

Version: 0.6.3
Check: package dependencies
Result: NOTE
    Packages suggested but not available for checking:
     'gWidgets2RGtk2', 'cairoDevice', 'RGtk2'
Flavor: r-release-macos-arm64