CRAN Package Check Results for Package rethnicity

Last updated on 2022-05-18 03:53:47 CEST.

Flavor Version Tinstall Tcheck Ttotal Status Flags
r-devel-linux-x86_64-debian-clang 0.2.2 82.60 12.81 95.41 ERROR
r-devel-linux-x86_64-debian-gcc 0.2.2 73.27 53.55 126.82 OK
r-devel-linux-x86_64-fedora-clang 0.2.2 210.95 NOTE
r-devel-linux-x86_64-fedora-gcc 0.2.2 201.07 OK
r-devel-windows-x86_64 0.2.2 138.00 102.00 240.00 NOTE
r-patched-linux-x86_64 0.2.2 69.13 69.17 138.30 OK
r-release-linux-x86_64 0.2.2 72.31 68.67 140.98 OK
r-release-macos-arm64 0.2.2 56.00 NOTE
r-release-macos-x86_64 0.2.2 68.00 NOTE
r-release-windows-x86_64 0.2.2 150.00 109.00 259.00 NOTE
r-oldrel-macos-arm64 0.2.2 288.00 NOTE
r-oldrel-macos-x86_64 0.2.2 67.00 NOTE
r-oldrel-windows-ix86+x86_64 0.2.2 172.00 94.00 266.00 NOTE

Check Details

Version: 0.2.2
Check: whether package can be installed
Result: ERROR
    Installation failed.
Flavor: r-devel-linux-x86_64-debian-clang

Version: 0.2.2
Check: installed package size
Result: NOTE
     installed size is 18.9Mb
     sub-directories of 1Mb or more:
     include 1.9Mb
     libs 15.3Mb
     models 1.6Mb
Flavors: r-devel-linux-x86_64-fedora-clang, r-devel-windows-x86_64, r-release-macos-arm64, r-release-macos-x86_64, r-release-windows-x86_64, r-oldrel-macos-arm64, r-oldrel-macos-x86_64, r-oldrel-windows-ix86+x86_64