CRAN Package Check Results for Package restoptr

Last updated on 2023-03-21 11:53:59 CET.

Flavor Version Tinstall Tcheck Ttotal Status Flags
r-devel-linux-x86_64-debian-clang 1.0.5 26.36 444.13 470.49 OK
r-devel-linux-x86_64-debian-gcc 1.0.5 19.22 324.17 343.39 OK
r-devel-linux-x86_64-fedora-clang 1.0.5 593.84 NOTE
r-devel-linux-x86_64-fedora-gcc 1.0.5 572.09 OK
r-patched-linux-x86_64 1.0.5 30.65 406.39 437.04 OK
r-release-linux-x86_64 1.0.5 22.31 419.20 441.51 OK
r-release-macos-arm64 1.0.5 125.00 NOTE
r-release-macos-x86_64 1.0.5 189.00 NOTE
r-release-windows-x86_64 1.0.5 89.00 348.00 437.00 NOTE
r-oldrel-macos-arm64 1.0.5 114.00 NOTE
r-oldrel-macos-x86_64 1.0.5 189.00 NOTE
r-oldrel-windows-ix86+x86_64 1.0.5 56.00 424.00 480.00 ERROR

Check Details

Version: 1.0.5
Check: installed package size
Result: NOTE
     installed size is 5.2Mb
     sub-directories of 1Mb or more:
     extdata 1.3Mb
     java 2.9Mb
Flavors: r-devel-linux-x86_64-fedora-clang, r-release-macos-arm64, r-release-macos-x86_64, r-release-windows-x86_64, r-oldrel-macos-arm64, r-oldrel-macos-x86_64, r-oldrel-windows-ix86+x86_64

Version: 1.0.5
Check: PDF version of manual
Result: WARN
    LaTeX errors when creating PDF version.
    This typically indicates Rd problems.
    LaTeX errors found:
    ! Package inputenc Error: Unicode char â<c2><80><c2><91> (U+2011)
    (inputenc) not set up for use with LaTeX.
    
    See the inputenc package documentation for explanation.
    Type H <return> for immediate help.
    ! Package inputenc Error: Unicode char â<c2><80><c2><91> (U+2011)
    (inputenc) not set up for use with LaTeX.
    
    See the inputenc package documentation for explanation.
    Type H <return> for immediate help.
    ! Package inputenc Error: Unicode char â<c2><80><c2><91> (U+2011)
    (inputenc) not set up for use with LaTeX.
    
    See the inputenc package documentation for explanation.
    Type H <return> for immediate help.
    ! Package inputenc Error: Unicode char â<c2><80><c2><91> (U+2011)
    (inputenc) not set up for use with LaTeX.
    
    See the inputenc package documentation for explanation.
    Type H <return> for immediate help.
    ! Package inputenc Error: Unicode char â<c2><80><c2><91> (U+2011)
    (inputenc) not set up for use with LaTeX.
    
    See the inputenc package documentation for explanation.
    Type H <return> for immediate help.
    ! Package inputenc Error: Unicode char â<c2><80><c2><91> (U+2011)
    (inputenc) not set up for use with LaTeX.
    
    See the inputenc package documentation for explanation.
    Type H <return> for immediate help.
    ! Package inputenc Error: Unicode char â<c2><80><c2><91> (U+2011)
    (inputenc) not set up for use with LaTeX.
    
    See the inputenc package documentation for explanation.
    Type H <return> for immediate help.
Flavor: r-oldrel-windows-ix86+x86_64

Version: 1.0.5
Check: PDF version of manual without hyperrefs or index
Result: ERROR
Flavor: r-oldrel-windows-ix86+x86_64