CRAN Package Check Results for Package reshape2

Last updated on 2022-06-29 11:52:19 CEST.

Flavor Version Tinstall Tcheck Ttotal Status Flags
r-devel-linux-x86_64-debian-clang 1.4.4 18.36 35.47 53.83 NOTE
r-devel-linux-x86_64-debian-gcc 1.4.4 16.21 27.70 43.91 NOTE
r-devel-linux-x86_64-fedora-clang 1.4.4 86.77 NOTE
r-devel-linux-x86_64-fedora-gcc 1.4.4 80.65 NOTE
r-devel-windows-x86_64 1.4.4 44.00 80.00 124.00 NOTE
r-patched-linux-x86_64 1.4.4 17.09 35.10 52.19 OK
r-release-linux-x86_64 1.4.4 17.46 35.04 52.50 OK
r-release-macos-arm64 1.4.4 22.00 OK
r-release-macos-x86_64 1.4.4 34.00 OK
r-release-windows-x86_64 1.4.4 48.00 81.00 129.00 OK
r-oldrel-macos-arm64 1.4.4 26.00 OK
r-oldrel-macos-x86_64 1.4.4 38.00 OK
r-oldrel-windows-ix86+x86_64 1.4.4 51.00 82.00 133.00 OK

Check Details

Version: 1.4.4
Check: Rd files
Result: NOTE
    checkRd: (-1) cast.Rd:45: Escaped LaTeX specials: \_
    checkRd: (-1) cast.Rd:46: Escaped LaTeX specials: \_
Flavors: r-devel-linux-x86_64-debian-clang, r-devel-linux-x86_64-debian-gcc, r-devel-linux-x86_64-fedora-clang, r-devel-linux-x86_64-fedora-gcc, r-devel-windows-x86_64