CRAN Package Check Results for Package regtomean

Last updated on 2024-06-13 16:49:22 CEST.

Flavor Version Tinstall Tcheck Ttotal Status Flags
r-devel-linux-x86_64-debian-clang 1.1 6.62 67.46 74.08 OK
r-devel-linux-x86_64-debian-gcc 1.1 0.33 1.74 2.07 ERROR
r-devel-linux-x86_64-fedora-clang 1.1 95.49 OK
r-devel-linux-x86_64-fedora-gcc 1.1 87.66 OK
r-devel-windows-x86_64 1.1 7.00 70.00 77.00 OK
r-patched-linux-x86_64 1.1 6.49 65.12 71.61 OK
r-release-linux-x86_64 1.1 4.41 64.75 69.16 OK
r-release-macos-arm64 1.1 43.00 OK
r-release-macos-x86_64 1.1 42.00 OK
r-release-windows-x86_64 1.1 10.00 71.00 81.00 OK
r-oldrel-macos-arm64 1.1 51.00 OK
r-oldrel-macos-x86_64 1.1 84.00 OK
r-oldrel-windows-x86_64 1.1 10.00 80.00 90.00 OK

Check Details

Version: 1.1
Check: package dependencies
Result: ERROR Packages required but not available: 'sjPlot', 'sjmisc' See section ‘The DESCRIPTION file’ in the ‘Writing R Extensions’ manual. Flavor: r-devel-linux-x86_64-debian-gcc