CRAN Package Check Results for Package regions

Last updated on 2021-02-26 15:51:03 CET.

Flavor Version Tinstall Tcheck Ttotal Status Flags
r-devel-linux-x86_64-debian-clang 0.1.5 8.56 77.45 86.01 OK
r-devel-linux-x86_64-debian-gcc 0.1.5 7.79 59.67 67.46 OK
r-devel-linux-x86_64-fedora-clang 0.1.5 109.57 NOTE
r-devel-linux-x86_64-fedora-gcc 0.1.5 107.87 NOTE
r-devel-windows-ix86+x86_64 0.1.5 15.00 78.00 93.00 OK
r-patched-linux-x86_64 0.1.5 8.50 74.09 82.59 OK
r-patched-solaris-x86 0.1.5 152.50 NOTE
r-release-linux-x86_64 0.1.5 8.89 75.22 84.11 OK
r-release-macos-x86_64 0.1.5 NOTE
r-release-windows-ix86+x86_64 0.1.5 21.00 76.00 97.00 OK
r-oldrel-macos-x86_64 0.1.5 NOTE
r-oldrel-windows-ix86+x86_64 0.1.5 13.00 105.00 118.00 OK

Check Details

Version: 0.1.5
Check: dependencies in R code
Result: NOTE
    Namespaces in Imports field not imported from:
     ‘glue’ ‘rlang’ ‘testthat’
     All declared Imports should be used.
Flavors: r-devel-linux-x86_64-fedora-clang, r-devel-linux-x86_64-fedora-gcc, r-patched-solaris-x86, r-release-macos-x86_64, r-oldrel-macos-x86_64

Version: 0.1.5
Check: data for non-ASCII characters
Result: NOTE
     Note: found 2 marked Latin-1 strings
     Note: found 50022 marked UTF-8 strings
Flavors: r-devel-linux-x86_64-fedora-clang, r-devel-linux-x86_64-fedora-gcc, r-patched-solaris-x86, r-release-macos-x86_64, r-oldrel-macos-x86_64