CRAN Package Check Results for Package regexSelect

Last updated on 2022-05-26 03:53:18 CEST.

Flavor Version Tinstall Tcheck Ttotal Status Flags
r-devel-linux-x86_64-debian-clang 1.0.0 4.07 46.26 50.33 NOTE
r-devel-linux-x86_64-debian-gcc 1.0.0 3.02 35.22 38.24 NOTE
r-devel-linux-x86_64-fedora-clang 1.0.0 59.06 NOTE
r-devel-linux-x86_64-fedora-gcc 1.0.0 48.07 NOTE
r-devel-windows-x86_64 1.0.0 15.00 69.00 84.00 NOTE
r-patched-linux-x86_64 1.0.0 2.19 43.09 45.28 NOTE
r-release-linux-x86_64 1.0.0 NOTE
r-release-macos-arm64 1.0.0 19.00 NOTE
r-release-macos-x86_64 1.0.0 32.00 NOTE
r-release-windows-x86_64 1.0.0 11.00 68.00 79.00 NOTE
r-oldrel-macos-arm64 1.0.0 20.00 NOTE
r-oldrel-macos-x86_64 1.0.0 26.00 NOTE
r-oldrel-windows-ix86+x86_64 1.0.0 10.00 61.00 71.00 NOTE

Check Details

Version: 1.0.0
Check: LazyData
Result: NOTE
     'LazyData' is specified without a 'data' directory
Flavors: r-devel-linux-x86_64-debian-clang, r-devel-linux-x86_64-debian-gcc, r-devel-linux-x86_64-fedora-clang, r-devel-linux-x86_64-fedora-gcc, r-devel-windows-x86_64, r-patched-linux-x86_64, r-release-linux-x86_64, r-release-macos-arm64, r-release-macos-x86_64, r-release-windows-x86_64, r-oldrel-macos-arm64, r-oldrel-macos-x86_64, r-oldrel-windows-ix86+x86_64