CRAN Package Check Results for Package refugees

Last updated on 2024-04-23 05:06:20 CEST.

Flavor Version Tinstall Tcheck Ttotal Status Flags
r-devel-linux-x86_64-debian-clang 2023.6.0 41.00 66.05 107.05 OK
r-devel-linux-x86_64-debian-gcc 2023.6.0 39.45 51.50 90.95 OK
r-devel-linux-x86_64-fedora-clang 2023.6.0 146.64 NOTE
r-devel-linux-x86_64-fedora-gcc 2023.6.0 146.01 NOTE
r-prerel-macos-arm64 2023.6.0 58.00 OK
r-prerel-windows-x86_64 2023.6.0 40.00 67.00 107.00 OK
r-patched-linux-x86_64 2023.6.0 42.47 65.17 107.64 OK
r-release-linux-x86_64 2023.6.0 42.18 65.12 107.30 OK
r-release-macos-arm64 2023.6.0 70.00 OK
r-release-macos-x86_64 2023.6.0 121.00 OK
r-release-windows-x86_64 2023.6.0 54.00 80.00 134.00 OK
r-oldrel-macos-arm64 2023.6.0 79.00 OK
r-oldrel-windows-x86_64 2023.6.0 56.00 85.00 141.00 OK

Check Details

Version: 2023.6.0
Check: data for non-ASCII characters
Result: NOTE Note: found 24152 marked UTF-8 strings Flavors: r-devel-linux-x86_64-fedora-clang, r-devel-linux-x86_64-fedora-gcc