Last updated on 2021-01-20 03:48:18 CET.
Flavor | Version | Tinstall | Tcheck | Ttotal | Status | Flags |
---|---|---|---|---|---|---|
r-devel-linux-x86_64-debian-clang | 1.1.0 | 8.28 | 34.13 | 42.41 | OK | |
r-devel-linux-x86_64-debian-gcc | 1.1.0 | 5.62 | 27.08 | 32.70 | OK | |
r-devel-linux-x86_64-fedora-clang | 1.1.0 | 62.03 | NOTE | |||
r-devel-linux-x86_64-fedora-gcc | 1.1.0 | 51.47 | NOTE | |||
r-devel-windows-ix86+x86_64 | 1.1.0 | 20.00 | 65.00 | 85.00 | OK | |
r-patched-linux-x86_64 | 1.1.0 | 7.33 | 33.21 | 40.54 | OK | |
r-release-linux-x86_64 | 1.1.0 | 6.63 | 33.85 | 40.48 | OK | |
r-release-macos-x86_64 | 1.1.0 | OK | ||||
r-release-windows-ix86+x86_64 | 1.1.0 | 25.00 | 63.00 | 88.00 | OK | |
r-oldrel-macos-x86_64 | 1.1.0 | OK | ||||
r-oldrel-windows-ix86+x86_64 | 1.1.0 | 18.00 | 54.00 | 72.00 | OK |
Version: 1.1.0
Check: top-level files
Result: NOTE
‘configure’: /bin/bash is not portable
Flavors: r-devel-linux-x86_64-fedora-clang, r-devel-linux-x86_64-fedora-gcc