CRAN Package Check Results for Package redoc

Last updated on 2021-06-20 03:48:37 CEST.

Flavor Version Tinstall Tcheck Ttotal Status Flags
r-devel-linux-x86_64-debian-clang 2.0.0.49 2.06 20.66 22.72 NOTE
r-devel-linux-x86_64-debian-gcc 2.0.0.49 1.60 16.23 17.83 NOTE
r-devel-linux-x86_64-fedora-clang 2.0.0.49 36.05 NOTE
r-devel-linux-x86_64-fedora-gcc 2.0.0.49 25.91 NOTE
r-devel-windows-x86_64 2.0.0.49 4.00 38.00 42.00 NOTE
r-devel-windows-x86_64-gcc10-UCRT 2.0.0.49 NOTE
r-patched-linux-x86_64 2.0.0.49 2.10 19.76 21.86 NOTE
r-patched-solaris-x86 2.0.0.49 40.60 NOTE
r-release-linux-x86_64 2.0.0.49 1.98 19.78 21.76 NOTE
r-release-macos-arm64 2.0.0.49 NOTE
r-release-macos-x86_64 2.0.0.49 NOTE
r-release-windows-ix86+x86_64 2.0.0.49 4.00 36.00 40.00 NOTE
r-oldrel-macos-x86_64 2.0.0.49 OK
r-oldrel-windows-ix86+x86_64 2.0.0.49 5.00 36.00 41.00 OK

Check Details

Version: 2.0.0.49
Check: LazyData
Result: NOTE
     'LazyData' is specified without a 'data' directory
Flavors: r-devel-linux-x86_64-debian-clang, r-devel-linux-x86_64-debian-gcc, r-devel-linux-x86_64-fedora-clang, r-devel-linux-x86_64-fedora-gcc, r-devel-windows-x86_64, r-devel-windows-x86_64-gcc10-UCRT, r-patched-linux-x86_64, r-patched-solaris-x86, r-release-linux-x86_64, r-release-macos-arm64, r-release-macos-x86_64, r-release-windows-ix86+x86_64