CRAN Package Check Results for Package reddPrec

Last updated on 2021-12-04 19:53:08 CET.

Flavor Version Tinstall Tcheck Ttotal Status Flags
r-devel-linux-x86_64-debian-clang 0.4.0 6.86 79.04 85.90 NOTE
r-devel-linux-x86_64-debian-gcc 0.4.0 5.56 60.38 65.94 NOTE
r-devel-linux-x86_64-fedora-clang 0.4.0 103.10 NOTE
r-devel-linux-x86_64-fedora-gcc 0.4.0 91.32 NOTE
r-devel-windows-x86_64-new-UL 0.4.0 15.00 130.00 145.00 OK
r-devel-windows-x86_64-new-TK 0.4.0 OK
r-devel-windows-x86_64-old 0.4.0 13.00 86.00 99.00 OK
r-patched-linux-x86_64 0.4.0 5.51 65.85 71.36 NOTE
r-release-linux-x86_64 0.4.0 5.86 65.89 71.75 NOTE
r-release-macos-arm64 0.4.0 OK
r-release-macos-x86_64 0.4.0 OK
r-release-windows-ix86+x86_64 0.4.0 19.00 116.00 135.00 OK
r-oldrel-macos-x86_64 0.4.0 OK
r-oldrel-windows-ix86+x86_64 0.4.0 19.00 114.00 133.00 OK

Check Details

Version: 0.4.0
Check: for non-standard things in the check directory
Result: NOTE
    Found the following files/directories:
     'Filled.RData' 'cleaned.RData' 'days' 'gridded'
Flavors: r-devel-linux-x86_64-debian-clang, r-devel-linux-x86_64-debian-gcc, r-devel-linux-x86_64-fedora-clang, r-devel-linux-x86_64-fedora-gcc, r-patched-linux-x86_64, r-release-linux-x86_64