CRAN Package Check Results for Package reda

Last updated on 2021-12-08 03:58:30 CET.

Flavor Version Tinstall Tcheck Ttotal Status Flags
r-devel-linux-x86_64-debian-clang 0.5.3 64.71 102.70 167.41 OK
r-devel-linux-x86_64-debian-gcc 0.5.3 46.78 77.32 124.10 OK
r-devel-linux-x86_64-fedora-clang 0.5.3 223.34 NOTE
r-devel-linux-x86_64-fedora-gcc 0.5.3 197.76 OK
r-devel-windows-x86_64-new-UL 0.5.3 95.00 178.00 273.00 NOTE
r-devel-windows-x86_64-new-TK 0.5.3 OK
r-devel-windows-x86_64-old 0.5.3 87.00 111.00 198.00 NOTE
r-patched-linux-x86_64 0.5.3 57.51 98.31 155.82 OK
r-release-linux-x86_64 0.5.3 50.74 99.08 149.82 OK
r-release-macos-arm64 0.5.3 NOTE
r-release-macos-x86_64 0.5.3 NOTE
r-release-windows-ix86+x86_64 0.5.3 115.00 171.00 286.00 NOTE
r-oldrel-macos-x86_64 0.5.3 NOTE
r-oldrel-windows-ix86+x86_64 0.5.3 158.00 171.00 329.00 NOTE

Check Details

Version: 0.5.3
Check: installed package size
Result: NOTE
     installed size is 6.9Mb
     sub-directories of 1Mb or more:
     doc 3.9Mb
     libs 2.4Mb
Flavors: r-devel-linux-x86_64-fedora-clang, r-devel-windows-x86_64-new-UL, r-devel-windows-x86_64-old, r-release-macos-arm64, r-release-macos-x86_64, r-release-windows-ix86+x86_64, r-oldrel-macos-x86_64, r-oldrel-windows-ix86+x86_64