CRAN Package Check Results for Package readxl

Last updated on 2021-05-06 19:49:08 CEST.

Flavor Version Tinstall Tcheck Ttotal Status Flags
r-devel-linux-x86_64-debian-clang 1.3.1 70.09 45.42 115.51 NOTE
r-devel-linux-x86_64-debian-gcc 1.3.1 46.81 34.91 81.72 NOTE
r-devel-linux-x86_64-fedora-clang 1.3.1 164.76 NOTE
r-devel-linux-x86_64-fedora-gcc 1.3.1 144.34 NOTE
r-devel-windows-ix86+x86_64 1.3.1 151.00 106.00 257.00 NOTE
r-devel-windows-x86_64-gcc10-UCRT 1.3.1 NOTE
r-patched-linux-x86_64 1.3.1 58.05 43.83 101.88 NOTE
r-patched-solaris-x86 1.3.1 152.10 OK
r-release-linux-x86_64 1.3.1 59.02 43.38 102.40 OK
r-release-macos-x86_64 1.3.1 OK
r-release-windows-ix86+x86_64 1.3.1 122.00 101.00 223.00 OK
r-oldrel-macos-x86_64 1.3.1 OK
r-oldrel-windows-ix86+x86_64 1.3.1 149.00 96.00 245.00 OK

Check Details

Version: 1.3.1
Check: LazyData
Result: NOTE
     'LazyData' is specified without a 'data' directory
Flavors: r-devel-linux-x86_64-debian-clang, r-devel-linux-x86_64-debian-gcc, r-devel-linux-x86_64-fedora-clang, r-devel-linux-x86_64-fedora-gcc, r-devel-windows-ix86+x86_64, r-devel-windows-x86_64-gcc10-UCRT, r-patched-linux-x86_64