Last updated on 2022-05-22 23:51:53 CEST.
Flavor | Version | Tinstall | Tcheck | Ttotal | Status | Flags |
---|---|---|---|---|---|---|
r-devel-linux-x86_64-debian-clang | 0.3.0 | 19.05 | 38.53 | 57.58 | NOTE | |
r-devel-linux-x86_64-debian-gcc | 0.3.0 | 19.44 | 29.95 | 49.39 | NOTE | |
r-devel-linux-x86_64-fedora-clang | 0.3.0 | 83.95 | NOTE | |||
r-devel-linux-x86_64-fedora-gcc | 0.3.0 | 66.18 | NOTE | |||
r-devel-windows-x86_64 | 0.3.0 | 35.00 | 74.00 | 109.00 | NOTE | |
r-patched-linux-x86_64 | 0.3.0 | 19.39 | 37.55 | 56.94 | NOTE | |
r-release-linux-x86_64 | 0.3.0 | 16.84 | 36.68 | 53.52 | NOTE | |
r-release-macos-arm64 | 0.3.0 | 23.00 | NOTE | |||
r-release-macos-x86_64 | 0.3.0 | 30.00 | NOTE | |||
r-release-windows-x86_64 | 0.3.0 | 29.00 | 76.00 | 105.00 | NOTE | |
r-oldrel-macos-arm64 | 0.3.0 | 28.00 | NOTE | |||
r-oldrel-macos-x86_64 | 0.3.0 | 42.00 | NOTE | |||
r-oldrel-windows-ix86+x86_64 | 0.3.0 | 56.00 | 73.00 | 129.00 | NOTE |
Version: 0.3.0
Check: LazyData
Result: NOTE
'LazyData' is specified without a 'data' directory
Flavors: r-devel-linux-x86_64-debian-clang, r-devel-linux-x86_64-debian-gcc, r-devel-linux-x86_64-fedora-clang, r-devel-linux-x86_64-fedora-gcc, r-devel-windows-x86_64, r-patched-linux-x86_64, r-release-linux-x86_64, r-release-macos-arm64, r-release-macos-x86_64, r-release-windows-x86_64, r-oldrel-macos-arm64, r-oldrel-macos-x86_64, r-oldrel-windows-ix86+x86_64