CRAN Package Check Results for Package readsdmx

Last updated on 2021-06-20 19:50:40 CEST.

Flavor Version Tinstall Tcheck Ttotal Status Flags
r-devel-linux-x86_64-debian-clang 0.3.0 21.75 28.64 50.39 NOTE
r-devel-linux-x86_64-debian-gcc 0.3.0 15.72 22.51 38.23 NOTE
r-devel-linux-x86_64-fedora-clang 0.3.0 77.57 NOTE
r-devel-linux-x86_64-fedora-gcc 0.3.0 63.79 NOTE
r-devel-windows-x86_64 0.3.0 30.00 46.00 76.00 NOTE
r-devel-windows-x86_64-gcc10-UCRT 0.3.0 NOTE
r-patched-linux-x86_64 0.3.0 19.16 27.72 46.88 NOTE
r-patched-solaris-x86 0.3.0 80.10 NOTE
r-release-linux-x86_64 0.3.0 17.88 27.69 45.57 NOTE
r-release-macos-arm64 0.3.0 NOTE
r-release-macos-x86_64 0.3.0 NOTE
r-release-windows-ix86+x86_64 0.3.0 51.00 74.00 125.00 NOTE
r-oldrel-macos-x86_64 0.3.0 OK

Check Details

Version: 0.3.0
Check: LazyData
Result: NOTE
     'LazyData' is specified without a 'data' directory
Flavors: r-devel-linux-x86_64-debian-clang, r-devel-linux-x86_64-debian-gcc, r-devel-linux-x86_64-fedora-clang, r-devel-linux-x86_64-fedora-gcc, r-devel-windows-x86_64, r-devel-windows-x86_64-gcc10-UCRT, r-patched-linux-x86_64, r-patched-solaris-x86, r-release-linux-x86_64, r-release-macos-arm64, r-release-macos-x86_64, r-release-windows-ix86+x86_64