CRAN Package Check Results for Package readroper

Last updated on 2021-06-20 19:50:40 CEST.

Flavor Version Tinstall Tcheck Ttotal Status Flags
r-devel-linux-x86_64-debian-clang 0.9.3 1.97 25.58 27.55 NOTE
r-devel-linux-x86_64-debian-gcc 0.9.3 1.48 20.33 21.81 NOTE
r-devel-linux-x86_64-fedora-clang 0.9.3 43.40 NOTE
r-devel-linux-x86_64-fedora-gcc 0.9.3 32.84 NOTE
r-devel-windows-x86_64 0.9.3 4.00 44.00 48.00 NOTE
r-devel-windows-x86_64-gcc10-UCRT 0.9.3 NOTE
r-patched-linux-x86_64 0.9.3 1.98 25.30 27.28 NOTE
r-patched-solaris-x86 0.9.3 51.80 NOTE
r-release-linux-x86_64 0.9.3 1.99 25.05 27.04 NOTE
r-release-macos-arm64 0.9.3 NOTE
r-release-macos-x86_64 0.9.3 NOTE
r-release-windows-ix86+x86_64 0.9.3 5.00 41.00 46.00 NOTE
r-oldrel-macos-x86_64 0.9.3 OK

Check Details

Version: 0.9.3
Check: LazyData
Result: NOTE
     'LazyData' is specified without a 'data' directory
Flavors: r-devel-linux-x86_64-debian-clang, r-devel-linux-x86_64-debian-gcc, r-devel-linux-x86_64-fedora-clang, r-devel-linux-x86_64-fedora-gcc, r-devel-windows-x86_64, r-devel-windows-x86_64-gcc10-UCRT, r-patched-linux-x86_64, r-patched-solaris-x86, r-release-linux-x86_64, r-release-macos-arm64, r-release-macos-x86_64, r-release-windows-ix86+x86_64