CRAN Package Check Results for Package readrba

Last updated on 2021-06-21 11:52:18 CEST.

Flavor Version Tinstall Tcheck Ttotal Status Flags
r-devel-linux-x86_64-debian-clang 0.1.1 5.45 56.12 61.57 OK
r-devel-linux-x86_64-debian-gcc 0.1.1 4.13 41.70 45.83 OK
r-devel-linux-x86_64-fedora-clang 0.1.1 80.26 NOTE
r-devel-linux-x86_64-fedora-gcc 0.1.1 70.33 OK
r-devel-windows-x86_64 0.1.1 9.00 116.00 125.00 OK
r-devel-windows-x86_64-gcc10-UCRT 0.1.1 ERROR
r-patched-linux-x86_64 0.1.1 5.83 52.48 58.31 OK
r-patched-solaris-x86 0.1.1 103.60 OK
r-release-linux-x86_64 0.1.1 4.90 52.20 57.10 OK
r-release-macos-arm64 0.1.1 OK
r-release-macos-x86_64 0.1.1 OK
r-release-windows-ix86+x86_64 0.1.1 13.00 122.00 135.00 OK
r-oldrel-macos-x86_64 0.1.1 OK

Check Details

Version: 0.1.1
Check: Rd cross-references
Result: NOTE
    Undeclared package ‘magrittr’ in Rd xrefs
Flavor: r-devel-linux-x86_64-fedora-clang

Version: 0.1.1
Check: package dependencies
Result: ERROR
    Packages required but not available: 'rvest', 'httr'
    
    Package suggested but not available for checking: 'covr'
    
    See section 'The DESCRIPTION file' in the 'Writing R Extensions'
    manual.
Flavor: r-devel-windows-x86_64-gcc10-UCRT