CRAN Package Check Results for Package rddtools

Last updated on 2021-12-08 03:58:30 CET.

Flavor Version Tinstall Tcheck Ttotal Status Flags
r-devel-linux-x86_64-debian-clang 1.5.0 17.11 188.45 205.56 OK
r-devel-linux-x86_64-debian-gcc 1.5.0 14.85 140.21 155.06 OK
r-devel-linux-x86_64-fedora-clang 1.5.0 250.03 NOTE
r-devel-linux-x86_64-fedora-gcc 1.5.0 235.91 NOTE
r-devel-windows-x86_64-new-UL 1.5.0 36.00 237.00 273.00 OK
r-devel-windows-x86_64-new-TK 1.5.0 NOTE
r-devel-windows-x86_64-old 1.5.0 30.00 161.00 191.00 OK
r-patched-linux-x86_64 1.5.0 25.02 181.30 206.32 OK
r-release-linux-x86_64 1.5.0 17.97 180.54 198.51 OK
r-release-macos-arm64 1.5.0 NOTE
r-release-macos-x86_64 1.5.0 NOTE
r-release-windows-ix86+x86_64 1.5.0 32.00 195.00 227.00 OK
r-oldrel-macos-x86_64 1.5.0 NOTE
r-oldrel-windows-ix86+x86_64 1.5.0 44.00 216.00 260.00 OK

Check Details

Version: 1.5.0
Check: dependencies in R code
Result: NOTE
    Namespace in Imports field not imported from: ‘rmarkdown’
     All declared Imports should be used.
Flavors: r-devel-linux-x86_64-fedora-clang, r-devel-linux-x86_64-fedora-gcc, r-devel-windows-x86_64-new-TK, r-release-macos-arm64, r-release-macos-x86_64, r-oldrel-macos-x86_64