CRAN Package Check Results for Package rdd

Last updated on 2022-01-27 04:05:33 CET.

Flavor Version Tinstall Tcheck Ttotal Status Flags
r-devel-linux-x86_64-debian-clang 0.57 9.79 78.38 88.17 OK
r-devel-linux-x86_64-debian-gcc 0.57 7.67 60.34 68.01 OK
r-devel-linux-x86_64-fedora-clang 0.57 102.10 OK
r-devel-linux-x86_64-fedora-gcc 0.57 94.14 OK
r-devel-windows-x86_64-new-UL 0.57 26.00 96.00 122.00 OK
r-devel-windows-x86_64-new-TK 0.57 ERROR
r-patched-linux-x86_64 0.57 15.52 71.50 87.02 OK
r-release-linux-x86_64 0.57 8.49 72.19 80.68 OK
r-release-macos-arm64 0.57 OK
r-release-macos-x86_64 0.57 OK
r-release-windows-ix86+x86_64 0.57 21.00 86.00 107.00 OK
r-oldrel-macos-x86_64 0.57 OK
r-oldrel-windows-ix86+x86_64 0.57 20.00 85.00 105.00 OK

Check Details

Version: 0.57
Check: package dependencies
Result: ERROR
    Package required but not available: 'AER'
    
    See section 'The DESCRIPTION file' in the 'Writing R Extensions'
    manual.
Flavor: r-devel-windows-x86_64-new-TK