CRAN Package Check Results for Package rcol

Last updated on 2021-06-13 19:49:44 CEST.

Flavor Version Tinstall Tcheck Ttotal Status Flags
r-devel-linux-x86_64-debian-clang 0.1.0 3.71 39.84 43.55 NOTE
r-devel-linux-x86_64-debian-gcc 0.1.0 3.06 30.50 33.56 NOTE
r-devel-linux-x86_64-fedora-clang 0.1.0 59.96 NOTE
r-devel-linux-x86_64-fedora-gcc 0.1.0 49.64 NOTE
r-devel-windows-x86_64 0.1.0 8.00 60.00 68.00 NOTE
r-devel-windows-x86_64-gcc10-UCRT 0.1.0 NOTE
r-patched-linux-x86_64 0.1.0 4.12 37.58 41.70 NOTE
r-patched-solaris-x86 0.1.0 74.50 NOTE
r-release-linux-x86_64 0.1.0 3.81 37.73 41.54 NOTE
r-release-macos-arm64 0.1.0 NOTE
r-release-macos-x86_64 0.1.0 NOTE
r-release-windows-ix86+x86_64 0.1.0 9.00 61.00 70.00 NOTE
r-oldrel-macos-x86_64 0.1.0 OK
r-oldrel-windows-ix86+x86_64 0.1.0 27.00 57.00 84.00 OK

Check Details

Version: 0.1.0
Check: LazyData
Result: NOTE
     'LazyData' is specified without a 'data' directory
Flavors: r-devel-linux-x86_64-debian-clang, r-devel-linux-x86_64-debian-gcc, r-devel-linux-x86_64-fedora-clang, r-devel-linux-x86_64-fedora-gcc, r-devel-windows-x86_64, r-devel-windows-x86_64-gcc10-UCRT, r-patched-linux-x86_64, r-patched-solaris-x86, r-release-linux-x86_64, r-release-macos-arm64, r-release-macos-x86_64, r-release-windows-ix86+x86_64