CRAN Package Check Results for Package rcbayes

Last updated on 2022-12-01 23:51:53 CET.

Flavor Version Tinstall Tcheck Ttotal Status Flags
r-devel-linux-x86_64-debian-clang 0.2.0 491.21 163.40 654.61 NOTE
r-devel-linux-x86_64-debian-gcc 0.2.0 427.69 140.33 568.02 NOTE
r-devel-linux-x86_64-fedora-clang 0.2.0 811.33 NOTE
r-devel-linux-x86_64-fedora-gcc 0.2.0 949.84 NOTE
r-devel-windows-x86_64 0.2.0 318.00 239.00 557.00 NOTE
r-patched-linux-x86_64 0.2.0 343.88 176.84 520.72 NOTE
r-release-linux-x86_64 0.2.0 341.09 168.46 509.55 NOTE
r-release-macos-arm64 0.2.0 232.00 NOTE
r-release-macos-x86_64 0.2.0 415.00 NOTE
r-release-windows-x86_64 0.2.0 306.00 241.00 547.00 NOTE
r-oldrel-macos-arm64 0.2.0 229.00 NOTE
r-oldrel-macos-x86_64 0.2.0 310.00 NOTE
r-oldrel-windows-ix86+x86_64 0.2.0 1039.00 281.00 1320.00 NOTE

Check Details

Version: 0.2.0
Check: for GNU extensions in Makefiles
Result: NOTE
    GNU make is a SystemRequirements.
Flavors: r-devel-linux-x86_64-debian-clang, r-devel-linux-x86_64-debian-gcc, r-devel-linux-x86_64-fedora-clang, r-devel-linux-x86_64-fedora-gcc, r-devel-windows-x86_64, r-patched-linux-x86_64, r-release-linux-x86_64, r-release-macos-arm64, r-release-macos-x86_64, r-release-windows-x86_64, r-oldrel-macos-arm64, r-oldrel-macos-x86_64, r-oldrel-windows-ix86+x86_64

Version: 0.2.0
Check: installed package size
Result: NOTE
     installed size is 6.2Mb
     sub-directories of 1Mb or more:
     libs 5.4Mb
Flavors: r-devel-linux-x86_64-fedora-clang, r-release-macos-arm64, r-release-macos-x86_64, r-oldrel-macos-arm64, r-oldrel-macos-x86_64, r-oldrel-windows-ix86+x86_64

Version: 0.2.0
Check: dependencies in R code
Result: NOTE
    Namespaces in Imports field not imported from:
     ‘RcppParallel’ ‘rstantools’ ‘shinythemes’
     All declared Imports should be used.
Flavors: r-devel-linux-x86_64-fedora-clang, r-devel-linux-x86_64-fedora-gcc, r-release-macos-arm64, r-release-macos-x86_64, r-oldrel-macos-arm64, r-oldrel-macos-x86_64