CRAN Package Check Results for Package rcane

Last updated on 2021-06-20 03:48:36 CEST.

Flavor Version Tinstall Tcheck Ttotal Status Flags
r-devel-linux-x86_64-debian-clang 1.0 2.03 109.91 111.94 NOTE
r-devel-linux-x86_64-debian-gcc 1.0 1.57 71.69 73.26 NOTE
r-devel-linux-x86_64-fedora-clang 1.0 134.09 OK
r-devel-linux-x86_64-fedora-gcc 1.0 122.25 OK
r-devel-windows-x86_64 1.0 5.00 100.00 105.00 NOTE
r-devel-windows-x86_64-gcc10-UCRT 1.0 OK
r-patched-linux-x86_64 1.0 2.29 100.17 102.46 NOTE
r-patched-solaris-x86 1.0 163.80 OK
r-release-linux-x86_64 1.0 2.20 99.85 102.05 NOTE
r-release-macos-arm64 1.0 OK
r-release-macos-x86_64 1.0 OK
r-release-windows-ix86+x86_64 1.0 5.00 124.00 129.00 NOTE
r-oldrel-macos-x86_64 1.0 OK
r-oldrel-windows-ix86+x86_64 1.0 4.00 131.00 135.00 NOTE

Check Details

Version: 1.0
Check: package vignettes
Result: NOTE
    Package vignette with placeholder title 'Vignette Title':
     'rcane.Rmd'
Flavors: r-devel-linux-x86_64-debian-clang, r-devel-linux-x86_64-debian-gcc, r-devel-windows-x86_64, r-patched-linux-x86_64, r-release-linux-x86_64, r-release-windows-ix86+x86_64, r-oldrel-windows-ix86+x86_64