CRAN Package Check Results for Package rbw

Last updated on 2024-06-13 12:49:56 CEST.

Flavor Version Tinstall Tcheck Ttotal Status Flags
r-devel-linux-x86_64-debian-clang 0.3.2 6.80 59.04 65.84 OK
r-devel-linux-x86_64-debian-gcc 0.3.2 0.45 1.70 2.15 ERROR
r-devel-linux-x86_64-fedora-clang 0.3.2 81.93 OK
r-devel-linux-x86_64-fedora-gcc 0.3.2 88.21 OK
r-devel-windows-x86_64 0.3.2 6.00 74.00 80.00 OK
r-patched-linux-x86_64 0.3.2 5.63 56.93 62.56 OK
r-release-linux-x86_64 0.3.2 4.05 56.40 60.45 OK
r-release-macos-arm64 0.3.2 33.00 OK
r-release-macos-x86_64 0.3.2 51.00 OK
r-release-windows-x86_64 0.3.2 7.00 80.00 87.00 OK
r-oldrel-macos-arm64 0.3.2 35.00 OK
r-oldrel-macos-x86_64 0.3.2 53.00 OK
r-oldrel-windows-x86_64 0.3.2 8.00 81.00 89.00 OK

Check Details

Version: 0.3.2
Check: package dependencies
Result: ERROR Package required but not available: ‘dplyr’ Package suggested but not available for checking: ‘testthat’ See section ‘The DESCRIPTION file’ in the ‘Writing R Extensions’ manual. Flavor: r-devel-linux-x86_64-debian-gcc