CRAN Package Check Results for Package rbenvo

Last updated on 2021-12-07 23:54:40 CET.

Flavor Version Tinstall Tcheck Ttotal Status Flags
r-devel-linux-x86_64-debian-clang 1.0.5 12.39 147.87 160.26 OK
r-devel-linux-x86_64-debian-gcc 1.0.5 9.04 112.64 121.68 OK
r-devel-linux-x86_64-fedora-clang 1.0.5 191.75 NOTE
r-devel-linux-x86_64-fedora-gcc 1.0.5 182.68 NOTE
r-devel-windows-x86_64-new-UL 1.0.5 25.00 187.00 212.00 OK
r-devel-windows-x86_64-new-TK 1.0.5 NOTE
r-devel-windows-x86_64-old 1.0.5 43.00 132.00 175.00 OK
r-patched-linux-x86_64 1.0.5 11.86 146.49 158.35 OK
r-release-linux-x86_64 1.0.5 10.61 145.87 156.48 OK
r-release-macos-arm64 1.0.5 NOTE
r-release-macos-x86_64 1.0.5 NOTE
r-release-windows-ix86+x86_64 1.0.5 20.00 155.00 175.00 OK
r-oldrel-macos-x86_64 1.0.5 NOTE
r-oldrel-windows-ix86+x86_64 1.0.5 29.00 174.00 203.00 OK

Check Details

Version: 1.0.5
Check: data for non-ASCII characters
Result: NOTE
     Note: found 8 marked UTF-8 strings
Flavors: r-devel-linux-x86_64-fedora-clang, r-devel-linux-x86_64-fedora-gcc, r-devel-windows-x86_64-new-TK, r-release-macos-arm64, r-release-macos-x86_64, r-oldrel-macos-x86_64