Last updated on 2022-05-17 07:53:14 CEST.
Flavor | Version | Tinstall | Tcheck | Ttotal | Status | Flags |
---|---|---|---|---|---|---|
r-devel-linux-x86_64-debian-clang | 0.3.3 | 135.28 | 54.60 | 189.88 | OK | |
r-devel-linux-x86_64-debian-gcc | 0.3.3 | 112.44 | 43.33 | 155.77 | OK | |
r-devel-linux-x86_64-fedora-clang | 0.3.3 | 288.66 | NOTE | |||
r-devel-linux-x86_64-fedora-gcc | 0.3.3 | 256.78 | OK | |||
r-devel-windows-x86_64 | 0.3.3 | 209.00 | 104.00 | 313.00 | OK | |
r-patched-linux-x86_64 | 0.3.3 | 113.43 | 54.37 | 167.80 | OK | |
r-release-linux-x86_64 | 0.3.3 | 115.24 | 53.23 | 168.47 | OK | |
r-release-macos-arm64 | 0.3.3 | 73.00 | NOTE | |||
r-release-macos-x86_64 | 0.3.3 | 84.00 | NOTE | |||
r-release-windows-x86_64 | 0.3.3 | 191.00 | 110.00 | 301.00 | OK | |
r-oldrel-macos-arm64 | 0.3.3 | 74.00 | NOTE | |||
r-oldrel-macos-x86_64 | 0.3.3 | 80.00 | NOTE | |||
r-oldrel-windows-ix86+x86_64 | 0.3.3 | 320.00 | 99.00 | 419.00 | OK |
Version: 0.3.3
Check: installed package size
Result: NOTE
installed size is 6.8Mb
sub-directories of 1Mb or more:
libs 6.3Mb
Flavors: r-devel-linux-x86_64-fedora-clang, r-release-macos-arm64, r-release-macos-x86_64, r-oldrel-macos-arm64, r-oldrel-macos-x86_64