CRAN Package Check Results for Package raytracing

Last updated on 2021-06-13 11:49:16 CEST.

Flavor Version Tinstall Tcheck Ttotal Status Flags
r-devel-linux-x86_64-debian-clang 0.1.0 4.71 78.61 83.32 OK
r-devel-linux-x86_64-debian-gcc 0.1.0 3.89 58.76 62.65 OK
r-devel-linux-x86_64-fedora-clang 0.1.0 108.13 OK
r-devel-linux-x86_64-fedora-gcc 0.1.0 99.70 OK
r-devel-windows-x86_64 0.1.0 10.00 111.00 121.00 OK
r-devel-windows-x86_64-gcc10-UCRT 0.1.0 ERROR
r-patched-linux-x86_64 0.1.0 4.92 75.22 80.14 OK
r-patched-solaris-x86 0.1.0 139.30 OK
r-release-linux-x86_64 0.1.0 4.60 74.39 78.99 OK
r-release-macos-arm64 0.1.0 OK
r-release-macos-x86_64 0.1.0 OK
r-release-windows-ix86+x86_64 0.1.0 11.00 99.00 110.00 OK
r-oldrel-macos-x86_64 0.1.0 OK
r-oldrel-windows-ix86+x86_64 0.1.0 12.00 103.00 115.00 OK

Check Details

Version: 0.1.0
Check: package dependencies
Result: ERROR
    Package required but not available: 'sf'
    
    Package suggested but not available for checking: 'lwgeom'
    
    See section 'The DESCRIPTION file' in the 'Writing R Extensions'
    manual.
Flavor: r-devel-windows-x86_64-gcc10-UCRT