CRAN Package Check Results for Package rayrender

Last updated on 2021-03-07 15:47:45 CET.

Flavor Version Tinstall Tcheck Ttotal Status Flags
r-devel-linux-x86_64-debian-clang 0.14.0 64.97 48.09 113.06 OK
r-devel-linux-x86_64-debian-gcc 0.14.0 53.29 36.24 89.53 OK
r-devel-linux-x86_64-fedora-clang 0.14.0 159.31 NOTE
r-devel-linux-x86_64-fedora-gcc 0.14.0 163.00 OK
r-devel-windows-ix86+x86_64 0.14.0 137.00 83.00 220.00 OK
r-devel-windows-x86_64-gcc10-UCRT 0.14.0 OK
r-patched-linux-x86_64 0.14.0 57.25 45.28 102.53 OK
r-patched-solaris-x86 0.14.0 144.60 OK
r-release-linux-x86_64 0.14.0 56.68 45.03 101.71 OK
r-release-macos-x86_64 0.14.0 NOTE
r-release-windows-ix86+x86_64 0.14.0 106.00 81.00 187.00 OK
r-oldrel-macos-x86_64 0.14.0 NOTE
r-oldrel-windows-ix86+x86_64 0.14.0 98.00 73.00 171.00 OK

Check Details

Version: 0.14.0
Check: installed package size
Result: NOTE
     installed size is 7.0Mb
     sub-directories of 1Mb or more:
     libs 6.6Mb
Flavors: r-devel-linux-x86_64-fedora-clang, r-release-macos-x86_64, r-oldrel-macos-x86_64