CRAN Package Check Results for Package ratelimitr

Last updated on 2021-12-09 07:50:21 CET.

Flavor Version Tinstall Tcheck Ttotal Status Flags
r-devel-linux-x86_64-debian-clang 0.4.1 2.20 33.97 36.17 NOTE
r-devel-linux-x86_64-debian-gcc 0.4.1 1.77 27.49 29.26 NOTE
r-devel-linux-x86_64-fedora-clang 0.4.1 46.20 NOTE
r-devel-linux-x86_64-fedora-gcc 0.4.1 35.60 NOTE
r-devel-windows-x86_64-new-UL 0.4.1 7.00 82.00 89.00 NOTE
r-devel-windows-x86_64-new-TK 0.4.1 NOTE
r-devel-windows-x86_64-old 0.4.1 4.00 50.00 54.00 NOTE
r-patched-linux-x86_64 0.4.1 2.01 32.49 34.50 NOTE
r-release-linux-x86_64 0.4.1 1.86 32.44 34.30 NOTE
r-release-macos-arm64 0.4.1 NOTE
r-release-macos-x86_64 0.4.1 NOTE
r-release-windows-ix86+x86_64 0.4.1 5.00 60.00 65.00 NOTE
r-oldrel-macos-x86_64 0.4.1 OK
r-oldrel-windows-ix86+x86_64 0.4.1 17.00 62.00 79.00 OK

Check Details

Version: 0.4.1
Check: LazyData
Result: NOTE
     'LazyData' is specified without a 'data' directory
Flavors: r-devel-linux-x86_64-debian-clang, r-devel-linux-x86_64-debian-gcc, r-devel-linux-x86_64-fedora-clang, r-devel-linux-x86_64-fedora-gcc, r-devel-windows-x86_64-new-UL, r-devel-windows-x86_64-new-TK, r-devel-windows-x86_64-old, r-patched-linux-x86_64, r-release-linux-x86_64, r-release-macos-arm64, r-release-macos-x86_64, r-release-windows-ix86+x86_64