CRAN Package Check Results for Package ratPASTA

Last updated on 2021-02-26 15:51:02 CET.

Flavor Version Tinstall Tcheck Ttotal Status Flags
r-devel-linux-x86_64-debian-clang 0.1.2 9.45 128.34 137.79 OK
r-devel-linux-x86_64-debian-gcc 0.1.2 7.08 97.09 104.17 OK
r-devel-linux-x86_64-fedora-clang 0.1.2 175.49 NOTE
r-devel-linux-x86_64-fedora-gcc 0.1.2 164.77 NOTE
r-devel-windows-ix86+x86_64 0.1.2 14.00 120.00 134.00 OK
r-patched-linux-x86_64 0.1.2 7.21 120.97 128.18 OK
r-patched-solaris-x86 0.1.2 265.70 NOTE
r-release-linux-x86_64 0.1.2 5.77 121.91 127.68 OK
r-release-macos-x86_64 0.1.2 NOTE
r-release-windows-ix86+x86_64 0.1.2 24.00 164.00 188.00 OK
r-oldrel-macos-x86_64 0.1.2 NOTE
r-oldrel-windows-ix86+x86_64 0.1.2 13.00 169.00 182.00 OK

Check Details

Version: 0.1.2
Check: dependencies in R code
Result: NOTE
    Namespace in Imports field not imported from: ‘hms’
     All declared Imports should be used.
Flavors: r-devel-linux-x86_64-fedora-clang, r-devel-linux-x86_64-fedora-gcc, r-patched-solaris-x86, r-release-macos-x86_64, r-oldrel-macos-x86_64