CRAN Package Check Results for Package raster

Last updated on 2022-01-25 15:54:28 CET.

Flavor Version Tinstall Tcheck Ttotal Status Flags
r-devel-linux-x86_64-debian-clang 3.5-15 242.56 464.26 706.82 OK
r-devel-linux-x86_64-debian-gcc 3.5-15 188.85 346.17 535.02 OK
r-devel-linux-x86_64-fedora-clang 3.5-15 999.56 NOTE
r-devel-linux-x86_64-fedora-gcc 3.5-15 870.12 OK
r-devel-windows-x86_64-new-UL 3.5-15 226.00 349.00 575.00 NOTE
r-devel-windows-x86_64-new-TK 3.5-15 OK
r-patched-linux-x86_64 3.5-11 221.88 437.79 659.67 OK
r-release-linux-x86_64 3.5-11 192.09 433.50 625.59 OK
r-release-macos-arm64 3.5-11 NOTE
r-release-macos-x86_64 3.5-15 NOTE
r-release-windows-ix86+x86_64 3.5-11 517.00 697.00 1214.00 NOTE
r-oldrel-macos-x86_64 3.5-15 NOTE
r-oldrel-windows-ix86+x86_64 3.5-11 518.00 708.00 1226.00 NOTE

Check Details

Version: 3.5-15
Check: installed package size
Result: NOTE
     installed size is 10.0Mb
     sub-directories of 1Mb or more:
     R 3.0Mb
     libs 6.0Mb
Flavors: r-devel-linux-x86_64-fedora-clang, r-devel-windows-x86_64-new-UL, r-release-macos-x86_64, r-oldrel-macos-x86_64

Version: 3.5-11
Check: installed package size
Result: NOTE
     installed size is 12.3Mb
     sub-directories of 1Mb or more:
     R 3.0Mb
     libs 8.3Mb
Flavors: r-release-macos-arm64, r-release-windows-ix86+x86_64, r-oldrel-windows-ix86+x86_64