CRAN Package Check Results for Package raster

Last updated on 2021-05-14 07:57:28 CEST.

Flavor Version Tinstall Tcheck Ttotal Status Flags
r-devel-linux-x86_64-debian-clang 3.4-10 233.93 290.08 524.01 OK
r-devel-linux-x86_64-debian-gcc 3.4-10 146.52 213.86 360.38 OK
r-devel-linux-x86_64-fedora-clang 3.4-10 607.98 NOTE
r-devel-linux-x86_64-fedora-gcc 3.4-10 562.95 OK
r-devel-windows-ix86+x86_64 3.4-10 479.00 376.00 855.00 NOTE
r-devel-windows-x86_64-gcc10-UCRT 3.4-10 OK
r-patched-linux-x86_64 3.4-10 184.84 283.12 467.96 OK
r-patched-solaris-x86 3.4-10 600.60 OK
r-release-linux-x86_64 3.4-10 176.49 266.11 442.60 OK
r-release-macos-x86_64 3.4-10 NOTE
r-release-windows-ix86+x86_64 3.4-10 360.00 366.00 726.00 NOTE
r-oldrel-macos-x86_64 3.4-10 NOTE
r-oldrel-windows-ix86+x86_64 3.4-10 390.00 339.00 729.00 NOTE

Check Details

Version: 3.4-10
Check: installed package size
Result: NOTE
     installed size is 9.8Mb
     sub-directories of 1Mb or more:
     R 2.6Mb
     libs 6.2Mb
Flavors: r-devel-linux-x86_64-fedora-clang, r-devel-windows-ix86+x86_64, r-release-macos-x86_64, r-release-windows-ix86+x86_64, r-oldrel-macos-x86_64, r-oldrel-windows-ix86+x86_64

Version: 3.4-10
Check: dependencies in R code
Result: NOTE
    No protocol specified
    No protocol specified
Flavor: r-oldrel-macos-x86_64