CRAN Package Check Results for Package rarms

Last updated on 2021-06-12 23:49:17 CEST.

Flavor Version Tinstall Tcheck Ttotal Status Flags
r-devel-linux-x86_64-debian-clang 1.0.0 1.41 19.83 21.24 NOTE
r-devel-linux-x86_64-debian-gcc 1.0.0 1.43 16.08 17.51 NOTE
r-devel-linux-x86_64-fedora-clang 1.0.0 36.02 NOTE
r-devel-linux-x86_64-fedora-gcc 1.0.0 25.18 NOTE
r-devel-windows-x86_64 1.0.0 5.00 37.00 42.00 NOTE
r-devel-windows-x86_64-gcc10-UCRT 1.0.0 NOTE
r-patched-linux-x86_64 1.0.0 1.61 19.28 20.89 NOTE
r-patched-solaris-x86 1.0.0 43.20 NOTE
r-release-linux-x86_64 1.0.0 1.60 19.44 21.04 NOTE
r-release-macos-arm64 1.0.0 NOTE
r-release-macos-x86_64 1.0.0 NOTE
r-release-windows-ix86+x86_64 1.0.0 4.00 35.00 39.00 NOTE
r-oldrel-macos-x86_64 1.0.0 OK
r-oldrel-windows-ix86+x86_64 1.0.0 4.00 34.00 38.00 OK

Check Details

Version: 1.0.0
Check: LazyData
Result: NOTE
     'LazyData' is specified without a 'data' directory
Flavors: r-devel-linux-x86_64-debian-clang, r-devel-linux-x86_64-debian-gcc, r-devel-linux-x86_64-fedora-clang, r-devel-linux-x86_64-fedora-gcc, r-devel-windows-x86_64, r-devel-windows-x86_64-gcc10-UCRT, r-patched-linux-x86_64, r-patched-solaris-x86, r-release-linux-x86_64, r-release-macos-arm64, r-release-macos-x86_64, r-release-windows-ix86+x86_64