Last updated on 2023-04-01 11:51:38 CEST.
Flavor | Version | Tinstall | Tcheck | Ttotal | Status | Flags |
---|---|---|---|---|---|---|
r-devel-linux-x86_64-debian-clang | 1.0.0 | 242.09 | 431.03 | 673.12 | NOTE | |
r-devel-linux-x86_64-debian-gcc | 1.0.0 | 192.52 | 315.93 | 508.45 | NOTE | |
r-devel-linux-x86_64-fedora-clang | 1.0.0 | 796.27 | NOTE | |||
r-devel-linux-x86_64-fedora-gcc | 1.0.0 | 744.72 | NOTE | |||
r-devel-windows-x86_64 | 1.0.0 | 268.00 | 397.00 | 665.00 | NOTE | |
r-patched-linux-x86_64 | 1.0.0 | 187.46 | 404.54 | 592.00 | NOTE | |
r-release-linux-x86_64 | 1.0.0 | 137.84 | 392.45 | 530.29 | NOTE | |
r-release-macos-arm64 | 1.0.0 | 155.00 | NOTE | |||
r-release-macos-x86_64 | 1.0.0 | 249.00 | NOTE | |||
r-release-windows-x86_64 | 1.0.0 | 202.00 | 452.00 | 654.00 | NOTE | |
r-oldrel-macos-arm64 | 1.0.0 | 130.00 | NOTE | |||
r-oldrel-macos-x86_64 | 1.0.0 | 242.00 | NOTE | |||
r-oldrel-windows-ix86+x86_64 | 1.0.0 | 498.00 | 609.00 | 1107.00 | NOTE |
Version: 1.0.0
Check: package dependencies
Result: NOTE
Package suggested but not available for checking: ‘gurobi’
Flavors: r-devel-linux-x86_64-debian-clang, r-devel-linux-x86_64-debian-gcc, r-devel-linux-x86_64-fedora-clang, r-devel-linux-x86_64-fedora-gcc, r-devel-windows-x86_64, r-patched-linux-x86_64, r-release-linux-x86_64, r-release-macos-arm64, r-release-macos-x86_64, r-release-windows-x86_64, r-oldrel-macos-arm64, r-oldrel-macos-x86_64, r-oldrel-windows-ix86+x86_64
Version: 1.0.0
Check: installed package size
Result: NOTE
installed size is 7.4Mb
sub-directories of 1Mb or more:
doc 1.7Mb
extdata 4.2Mb
Flavors: r-devel-linux-x86_64-fedora-clang, r-devel-windows-x86_64, r-release-macos-arm64, r-release-macos-x86_64, r-release-windows-x86_64, r-oldrel-macos-arm64, r-oldrel-macos-x86_64, r-oldrel-windows-ix86+x86_64