Last updated on 2021-04-20 19:53:28 CEST.
Flavor | Version | Tinstall | Tcheck | Ttotal | Status | Flags |
---|---|---|---|---|---|---|
r-devel-linux-x86_64-debian-clang | 0.0.5 | 10.34 | 79.75 | 90.09 | OK | |
r-devel-linux-x86_64-debian-gcc | 0.0.5 | 8.23 | 61.00 | 69.23 | OK | |
r-devel-linux-x86_64-fedora-clang | 0.0.5 | 117.23 | OK | |||
r-devel-linux-x86_64-fedora-gcc | 0.0.5 | 107.73 | OK | |||
r-devel-windows-ix86+x86_64 | 0.0.5 | 18.00 | 73.00 | 91.00 | OK | |
r-devel-windows-x86_64-gcc10-UCRT | 0.0.5 | OK | ||||
r-patched-linux-x86_64 | 0.0.5 | 10.79 | 72.95 | 83.74 | OK | |
r-patched-solaris-x86 | 0.0.5 | 159.90 | OK | |||
r-release-linux-x86_64 | 0.0.5 | 9.39 | 73.42 | 82.81 | OK | |
r-release-macos-x86_64 | 0.0.5 | OK | ||||
r-release-windows-ix86+x86_64 | 0.0.5 | 21.00 | 105.00 | 126.00 | OK | |
r-oldrel-macos-x86_64 | 0.0.5 | NOTE | ||||
r-oldrel-windows-ix86+x86_64 | 0.0.5 | 29.00 | 93.00 | 122.00 | OK |
Version: 0.0.5
Check: dependencies in R code
Result: NOTE
No protocol specified
Flavor: r-oldrel-macos-x86_64