Last updated on 2021-03-01 19:48:10 CET.
Flavor | Version | Tinstall | Tcheck | Ttotal | Status | Flags |
---|---|---|---|---|---|---|
r-devel-linux-x86_64-debian-clang | 0.1.3 | OK | ||||
r-devel-linux-x86_64-debian-gcc | 0.1.3 | 3.10 | 77.85 | 80.95 | OK | |
r-devel-linux-x86_64-fedora-clang | 0.1.3 | 135.74 | NOTE | |||
r-devel-linux-x86_64-fedora-gcc | 0.1.3 | 126.37 | NOTE | |||
r-devel-windows-ix86+x86_64 | 0.1.3 | 8.00 | 103.00 | 111.00 | OK | |
r-patched-linux-x86_64 | 0.1.3 | 3.21 | 103.26 | 106.47 | OK | |
r-patched-solaris-x86 | 0.1.3 | 188.10 | NOTE | |||
r-release-linux-x86_64 | 0.1.3 | 2.86 | 102.08 | 104.94 | OK | |
r-release-macos-x86_64 | 0.1.3 | NOTE | ||||
r-release-windows-ix86+x86_64 | 0.1.3 | 9.00 | 107.00 | 116.00 | OK | |
r-oldrel-macos-x86_64 | 0.1.3 | NOTE | ||||
r-oldrel-windows-ix86+x86_64 | 0.1.3 | 4.00 | 147.00 | 151.00 | OK |
Version: 0.1.3
Check: dependencies in R code
Result: NOTE
Namespaces in Imports field not imported from:
‘MASS’ ‘dplyr’ ‘jsonlite’ ‘rgbif’ ‘rgdal’ ‘rgeos’ ‘sp’ ‘spThin’
‘spatstat’
All declared Imports should be used.
Flavors: r-devel-linux-x86_64-fedora-clang, r-devel-linux-x86_64-fedora-gcc, r-patched-solaris-x86, r-release-macos-x86_64, r-oldrel-macos-x86_64